 + 14. Let w be a(6). Let v = w - -8. What is the remainder when 17 is divided by v?
1
Let k = 130 - 85. Let q = k - 27. What is the remainder when 70 is divided by q?
16
Let s be ((-6)/18)/(1/(-174)). Let b be (0 - 1)*1*39. Let a = s + b. What is the remainder when a is divided by 7?
5
Let f = -13 - -121. Suppose f = -0*r + 4*r. Suppose -r = -k - 0*k. What is the remainder when k is divided by 10?
7
Let x be 2*3/(-4)*-2. Let o = x - -4. Let a(n) = -n + 42. Calculate the remainder when a(17) is divided by o.
4
Suppose -4*f - 5*u + 65 = f, -4*f + u = -67. Let t = -8 + 28. Let n = t + -14. Calculate the remainder when f is divided by n.
4
Suppose 2 + 8 = 2*c. Let u = -1 + 8. What is the remainder when u is divided by c?
2
Let k = 26 - 14. Let y = k - 3. Calculate the remainder when 16 is divided by y.
7
Let n be (-2)/(-7) + 200/(-14). Let o be 6/(-4)*4/(-2). Calculate the remainder when (3 - n)*1 - o is divided by 8.
6
Suppose 224 = 3*p + 4*p. Let n = p - -40. What is the remainder when n is divided by 25?
22
Calculate the remainder when 32*1*(0 - -1) is divided by (-11)/(3/9*-3).
10
Let q = 5 - 4. Suppose -5*s + 5 = -0. Calculate the remainder when s is divided by -4 + (3 - (-1 - q)).
0
What is the remainder when (-4)/(-3) + (-23)/(-3) is divided by 5?
4
Suppose 0*f - 6 = 3*f. Let o = f - -14. Calculate the remainder when 34 is divided by o.
10
Let b = -125 + 216. What is the remainder when 3 - (3 - b)/2 is divided by 8?
7
Suppose -4*j - q = -0*q - 7, 2*j = 5*q + 31. Suppose t + t - h = 31, -51 = -3*t - j*h. Calculate the remainder when 29 is divided by t.
13
Let u(w) = -13*w + 7 - 1 - 4. Let l = 2 - -13. What is the remainder when u(-2) is divided by l?
13
Suppose -z - 4 = -5*l, -2*l + 3*z = -3*l - 12. Suppose l*x + 5 = x. Suppose 9 = -x*t - 6, 0 = 3*b - t - 27. What is the remainder when b is divided by 5?
3
Suppose 0 = 3*i + 4*i - 84. What is the remainder when 80 is divided by i?
8
Suppose 0 = -5*w + 2*y - 5*y, -5*w - y = 0. Suppose w*v = -v + 7. What is the remainder when 26 is divided by v?
5
Let j = 1 - -4. Suppose -3*m + 110 = -2*h, 0*m + j*m - 3*h = 182. What is the remainder when m is divided by 18?
16
Let k(f) = f**3 + 10*f**2 - 29*f - 13. Calculate the remainder when k(-12) is divided by 16.
15
Suppose -5*c + 11 + 14 = 0. Suppose 0*i - 54 = -a - i, 3*a - c*i - 122 = 0. Suppose -2*d = 17 - 51. Calculate the remainder when a is divided by d.
15
Let w be (-1 + (2 - 2))*-1. Let o be 15/1 - (-1 - w). Let n = o + 9. What is the remainder when n is divided by 14?
12
Let b(p) = -p**2 - p - 1. Let v be b(-1). Suppose 0*z - 3*z = 18. Let n = v - z. Calculate the remainder when n is divided by 2.
1
Let d(z) = -z**3 + 2*z**2 + 3*z - 2. What is the remainder when 20/(-50) + 37/5 is divided by d(2)?
3
Let x(v) = -v**2 + 5*v - 2. Let r be x(4). What is the remainder when 6 is divided by (-51)/(-12) - r/8?
2
Suppose -11 = -3*r + 13. Suppose r*y + 10 = 3*y. What is the remainder when (0 - -2) + y - -3 is divided by 2?
1
Let x(h) = -5*h**2 + h + 22. Calculate the remainder when 172 is divided by x(0).
18
What is the remainder when 3/(-3)*((-69)/1 - 2) is divided by 18?
17
Let y(x) = -x**3 - 5*x**2 - 2*x - 3. Let v be y(-6). Suppose -4*d = d - v. Suppose 53 + d = 2*h. Calculate the remainder when h is divided by 11.
9
Let b = 7 + -5. Calculate the remainder when 3 is divided by b.
1
Let r(v) = -v**2 - 20*v + 6. Calculate the remainder when r(-19) is divided by 13.
12
Let g(x) be the first derivative of -x**3/3 + 13*x**2/2 - 9*x - 5. Calculate the remainder when g(10) is divided by 8.
5
Let j = 0 - 0. Let c be ((-5)/15)/(2/(-6)). Calculate the remainder when 36 is divided by 18 + c - (j - 0).
17
Let b(x) = x**2 - 26*x + 25. Calculate the remainder when 206 is divided by b(27).
50
Suppose q - b - 1 + 5 = 0, -b - 1 = 0. Let y = q + 16. Let d = 6 + y. Calculate the remainder when d is divided by 6.
5
Suppose 0 = -6*w + 11*w - 135. What is the remainder when 37 is divided by w?
10
Let x(k) = -k + 2. Let s be x(-3). Suppose -q = r - 43, 3*r - s*q - 119 = -6*q. What is the remainder when r is divided by 14?
10
Let a(c) = -9*c**3 - c**2 + c + 1. Calculate the remainder when a(-1) is divided by 5.
3
Let b = 20 - -32. Let g = -36 + b. Calculate the remainder when g is divided by 6.
4
Suppose 5*k = 2*k - 4*r + 38, 15 = 5*k - 3*r. Calculate the remainder when 43 is divided by k.
1
Calculate the remainder when 100 is divided by 80/(-30)*(-102)/8.
32
Let s be ((-6)/(-4))/(3/4). Suppose -3*a + 3*f + 13 = 2*f, 5*a + s*f = 7. Suppose n - a = 14. Calculate the remainder when n is divided by 10.
7
Let b(w) = 5*w + 2. What is the remainder when 6 is divided by b(0)?
0
Let i(z) = -z**2 - 10*z. Suppose 5*d + 2 = -4*t + 37, -t + 39 = 4*d. What is the remainder when i(-7) is divided by d?
10
Suppose -35 = -5*l + 115. Calculate the remainder when ((-16)/5)/((-3)/l) is divided by 17.
15
Let s = -8 - -9. What is the remainder when 6 is divided by s/((-4 - -3)/(-3))?
0
Let y be 1/2*46 + 1. Let x = 3 + 5. Calculate the remainder when (1 + 0)/(-1) + y is divided by x.
7
Let o(m) = -m**2 + m - 1. Let s(w) = w**3 - 6*w**2 - 3*w + 6. Let v(n) = -2*o(n) - s(n). Calculate the remainder when 6 is divided by v(8).
2
Let v(r) = -r**2 - 7*r - 2. Let y be v(-3). Let t = y - 6. What is the remainder when t is divided by 3?
1
What is the remainder when (-8)/12 - 1060/(-15) is divided by 4?
2
Let q = 7 + 4. Suppose 34 = a + x, a + 7*x = 2*x + 42. What is the remainder when a is divided by q?
10
Suppose 0*r + 4*m + 278 = 2*r, 0 = 4*r - 4*m - 540. Calculate the remainder when r is divided by 34.
29
Suppose 0 = -5*r + 5*g, 0*r = 4*r + 3*g - 28. Suppose 3*n - r*f - 48 = f, 3*f - 35 = -4*n. Let v = 58 - 37. What is the remainder when v is divided by n?
10
Let p(h) = h**2 - 3*h - 9. What is the remainder when p(7) is divided by 5?
4
Calculate the remainder when (172/12 - -1)/((-4)/(-6)) is divided by 9.
5
Suppose 5*q = 2*l + q - 198, -l - q + 96 = 0. What is the remainder when l is divided by 20?
17
Suppose 3*u - 62 = 76. Suppose -57 = -5*n + 3*g - 2*g, 36 = 4*n - 4*g. Calculate the remainder when u is divided by n.
10
Suppose -3*n + 0*j = 4*j - 65, -2*j = -3*n + 35. Calculate the remainder when 55 is divided by n.
10
Let z(d) be the first derivative of d**2/2 + 7*d + 1. Suppose 0 = 5*n - 88 - 47. Calculate the remainder when n is divided by z(7).
13
Let b = -4 - -28. Calculate the remainder when 94 is divided by b.
22
Calculate the remainder when -1*(-12 - 2) - -1 is divided by 8.
7
Let y = 8 + -5. Suppose 8*q = y*q + 160. What is the remainder when q is divided by 11?
10
Let z = -54 + 82. Calculate the remainder when 110 is divided by z.
26
Suppose -7*n + 14 = -9*n. Let o(c) = -c**2 - 8*c + 10. Calculate the remainder when o(n) is divided by 9.
8
Suppose -3*p + 0 = -42. What is the remainder when 40 is divided by p?
12
Suppose 0*r = 2*d + 2*r + 50, 0 = 4*d - 2*r + 100. Let x = d - -35. What is the remainder when 29 is divided by x?
9
Let q(j) = -j**3 + 18*j**2 - 17*j + 10. Suppose -5*l = 3*u - 82, -u - 4 + 3 = 0. Let s = 33 + -15. Calculate the remainder when s is divided by q(l).
8
Let q = 0 + 0. Let d = -1 - -3. Suppose q = -5*j - 3*r + 31, d*j - 3*r - 3 = 22. Calculate the remainder when j is divided by 3.
2
What is the remainder when 1830/75 + 2/(-5) is divided by 14?
10
Let m = 26 + -18. Calculate the remainder when m is divided by 4.
0
Let o(p) = 7*p - 17. Let q(r) = -3*r + 8. Let a(k) = 6*o(k) + 13*q(k). Let b be a(-2). Calculate the remainder when 1845/35 - b/14 is divided by 18.
17
Suppose -19 = -2*k + 3. Suppose 4*i - 122 = a + a, -5*a - 150 = -5*i. Calculate the remainder when i is divided by k.
9
Let h be (-50)/(-15)*1*-3. Calculate the remainder when 21 is divided by (-116)/h + 8/20.
9
Suppose -11 = -3*c + q, -2*c + 22 = 2*q + q. Suppose p = -3*s + c, 2*s = 2 - 0. Suppose 2*f = -8 + 16. What is the remainder when f is divided by p?
0
Let u = 98 - 59. What is the remainder when u is divided by 10?
9
Let h(y) = 5*y**2 - y - 1. Let t = 8 - -6. What is the remainder when h(3) is divided by t?
13
Suppose -5*l + q = -43 - 71, l = -3*q + 26. What is the remainder when 88 is divided by l?
19
Suppose 3*z - 27 = -3. Let k(o) = o**3 + 8*o**2 + 5*o + 1. Calculate the remainder when k(-7) is 